 18139246.
2, 9069623
List the prime factors of 70814579.
11, 6437689
List the prime factors of 2567092773.
3, 7, 59, 181, 11447
What are the prime factors of 4876273?
1109, 4397
What are the prime factors of 369388927?
83, 257, 17317
List the prime factors of 838824303.
3, 279608101
What are the prime factors of 1393335248?
2, 87083453
List the prime factors of 690954802.
2, 47, 157, 46819
What are the prime factors of 1702099773?
3, 11, 101, 170227
List the prime factors of 17225271.
3, 7, 91139
List the prime factors of 24283701.
3, 13, 17, 29, 421
List the prime factors of 699582297.
3, 233194099
What are the prime factors of 70305491?
19, 3700289
List the prime factors of 3231748314.
2, 3, 17, 149, 23627
List the prime factors of 2299307492.
2, 47, 12230359
What are the prime factors of 43628124?
2, 3, 577, 6301
List the prime factors of 161194542.
2, 3, 4153, 6469
What are the prime factors of 641753868?
2, 3, 7, 7639927
What are the prime factors of 647728196?
2, 59, 2744611
What are the prime factors of 96422886?
2, 3, 7, 4049
What are the prime factors of 8296456?
2, 7, 148151
List the prime factors of 1487331000.
2, 3, 5, 59, 2801
What are the prime factors of 5178623368?
2, 17, 2239889
What are the prime factors of 2851308911?
11, 37, 7005673
List the prime factors of 314480336.
2, 19655021
What are the prime factors of 29518558?
2, 229, 64451
List the prime factors of 94484609.
421, 224429
List the prime factors of 4008065607.
3, 7, 13, 4893853
What are the prime factors of 330199956?
2, 3, 1531, 1997
List the prime factors of 321771616.
2, 10055363
List the prime factors of 15882585.
3, 5, 1058839
What are the prime factors of 70297022?
2, 35148511
List the prime factors of 481359212.
2, 163, 673, 1097
List the prime factors of 784529486.
2, 13, 937, 32203
List the prime factors of 39096655.
5, 13, 601487
What are the prime factors of 444284874?
2, 3, 11, 307, 7309
What are the prime factors of 2622001512?
2, 3, 13, 1021, 8231
What are the prime factors of 78308568?
2, 3, 13, 83663
What are the prime factors of 393508951?
11, 587, 60943
What are the prime factors of 94254229?
31, 601, 5059
What are the prime factors of 316772629?
23, 1249, 11027
What are the prime factors of 656834931?
3, 7457, 9787
What are the prime factors of 512059940?
2, 5, 7, 3657571
What are the prime factors of 2448364464?
2, 3, 7, 13, 186841
What are the prime factors of 201235364?
2, 11, 109, 41959
List the prime factors of 65148235.
5, 181, 71987
List the prime factors of 40807400.
2, 5, 211, 967
List the prime factors of 2600888782.
2, 4231, 307361
List the prime factors of 135413647.
135413647
What are the prime factors of 62108945?
5, 12421789
List the prime factors of 15608712.
2, 3, 7, 53, 1753
List the prime factors of 3341154927.
3, 11, 53, 1910323
List the prime factors of 923797404.
2, 3, 19, 41, 32941
What are the prime factors of 89412040?
2, 5, 23, 97187
List the prime factors of 522510386.
2, 261255193
List the prime factors of 434869279.
13, 151, 17041
List the prime factors of 101255204.
2, 25313801
What are the prime factors of 84755517?
3, 7, 11, 366907
List the prime factors of 149567545.
5, 43, 695663
What are the prime factors of 6389336?
2, 798667
List the prime factors of 894459117.
3, 107, 2786477
What are the prime factors of 49800982?
2, 7, 11, 323383
List the prime factors of 3226942298.
2, 1579, 1021831
List the prime factors of 14150936.
2, 17, 67, 1553
What are the prime factors of 6244118?
2, 3122059
List the prime factors of 67863304.
2, 8482913
What are the prime factors of 34899004?
2, 7, 23, 47, 1153
List the prime factors of 83751961.
83751961
What are the prime factors of 1302372554?
2, 7, 127, 732493
What are the prime factors of 578947517?
578947517
List the prime factors of 94044185.
5, 18808837
List the prime factors of 4233998254.
2, 1607, 1317361
List the prime factors of 603689835.
3, 5, 7, 5749427
What are the prime factors of 626562342?
2, 3, 7, 29, 171473
List the prime factors of 350976919.
73, 101, 181, 263
What are the prime factors of 321651764?
2, 7, 17, 675739
List the prime factors of 1049437641.
3, 7, 83, 602087
What are the prime factors of 37815303?
3, 61, 206641
What are the prime factors of 46566308?
2, 131, 88867
List the prime factors of 90772531.
90772531
What are the prime factors of 914839?
157, 5827
What are the prime factors of 222547833?
3, 17, 43, 33827
What are the prime factors of 115537441?
23, 5023367
List the prime factors of 3316767279.
3, 7, 23, 2239, 3067
What are the prime factors of 364517746?
2, 2683, 67931
List the prime factors of 775780893.
3, 1381, 62417
What are the prime factors of 25343752?
2, 7, 53, 8539
List the prime factors of 468291632.
2, 19, 61, 25253
List the prime factors of 24333898.
2, 12166949
List the prime factors of 1562943284.
2, 7, 29, 769, 2503
List the prime factors of 1849589922.
2, 3, 19, 16224473
What are the prime factors of 72577602?
2, 3, 149, 27061
What are the prime factors of 76247328?
2, 3, 173, 4591
What are the prime factors of 1893626819?
7, 43, 6291119
What are the prime factors of 564844703?
17, 179, 185621
List the prime factors of 1013305320.
2, 3, 5, 43, 67, 977
List the prime factors of 2838284131.
7901, 359231
What are the prime factors of 30506226?
2, 3, 5084371
What are the prime factors of 1143070188?
2, 3, 13, 149, 49177
What are the prime factors of 447840554?
2, 7, 17, 569, 3307
List the prime factors of 4246929742.
2, 11, 19, 10160119
What are the prime factors of 615785489?
11, 55980499
What are the prime factors of 59105619?
3, 243233
What are the prime factors of 27023630?
2, 5, 31, 179, 487
List the prime factors of 5518947634.
2, 1181, 2336557
List the prime factors of 1117607723.
101, 11065423
What are the prime factors of 2322670596?
2, 3, 401, 482683
List the prime factors of 182428075.
5, 7297123
List the prime factors of 4845768748.
2, 83, 14595689
What are the prime factors of 466599988?
2, 23, 997, 5087
List the prime factors of 533331035.
5, 2039, 52313
List the prime factors of 31535264.
2, 59, 16703
What are the prime factors of 14535270?
2, 3, 5, 161503
What are the prime factors of 34366106?
2, 79, 199, 1093
What are the prime factors of 409123481?
13, 2420849
List the prime factors of 2825078424.
2, 3, 7, 127, 132409
What are the prime factors of 1823358180?
2, 3, 5, 7, 19, 29, 7879
List the prime factors of 2783568320.
2, 5, 13, 669127
What are the prime factors of 1144881247?
431, 2656337
List the prime factors of 11825051.
7, 73, 317
List the prime factors of 76081066.
2, 107, 355519
What are the prime factors of 3069513767?
347, 8845861
List the prime factors of 2281281908.
2, 2903, 196459
List the prime factors of 919530013.
787, 1168399
What are the prime factors of 85532717?
331, 258407
What are the prime factors of 211591397?
211591397
List the prime factors of 273084706.
2, 29, 4708357
List the prime factors of 219548483.
7, 11, 229, 12451
List the prime factors of 180821712.
2, 3, 3767119
List the prime factors of 497858.
2, 23, 79, 137
What are the prime factors of 539480792?
2, 137, 492227
What are the prime factors of 42523318?
2, 21261659
What are the prime factors of 989951749?
989951749
List the prime factors of 3658912832.
2, 29, 37, 53281
List the prime factors of 1348606927.
181, 7450867
List the prime factors of 2312924832.
2, 3, 8030989
List the prime factors of 238210846.
2, 443, 268861
What are the prime factors of 895350304?
2, 1201, 23297
What are the prime factors of 16557296?
2, 7, 431
List the prime factors of 309452554.
2, 751, 206027
What are the prime factors of 44661665?
5, 439, 20347
List the prime factors of 3438488130.
2, 3, 5, 7, 11, 1153, 1291
What are the prime factors of 38503372?
2, 9625843
List the prime factors of 3923875374.
2, 3, 19477, 33577
What are the prime factors of 73793573?
7, 10541939
What are the prime factors of 2984033851?
17, 29, 6052807
List the prime factors of 30881115.
3, 5, 31, 47, 157
List the prime factors of 1049286600.
2, 3, 5, 582937
What are the prime factors of 42114591?
3, 1721, 2719
List the prime factors of 95625272.
2, 17, 703127
List the prime factors of 41742177.
3, 13914059
What are the prime factors of 157893876?
2, 3, 7, 19, 